{"id":415,"date":"2021-11-17T12:31:21","date_gmt":"2021-11-17T11:31:21","guid":{"rendered":"https:\/\/www.arthrogrypose.fr\/p\/?page_id=415"},"modified":"2023-04-04T14:11:49","modified_gmt":"2023-04-04T12:11:49","slug":"remerciements","status":"publish","type":"page","link":"https:\/\/www.arthrogrypose.fr\/p\/remerciements\/","title":{"rendered":"Remerciements"},"content":{"rendered":"\n<p><\/p>\n\n\n\n<p><\/p>\n\n\n\n<p class=\"has-text-align-center noJustify\">Retrouvez ici tous nos remerciements \u00e0 ceux qui nous ont aid\u00e9s<br>\u00e0 monter notre association et notre site Internet<br>et qui nous aident encore<\/p>\n\n\n\n<h2 class=\"wp-block-heading has-text-align-center\">autour des maladies rares<\/h2>\n\n\n\n<p><\/p>\n\n\n\n<figure class=\"wp-block-image size-medium is-resized\"><img decoding=\"async\" src=\"https:\/\/www.arthrogrypose.fr\/p\/wp-content\/uploads\/2023\/04\/Alliance_maladies_rares.svg\" alt=\"\" class=\"wp-image-2367\" width=\"376\"\/><figcaption class=\"wp-element-caption\">Merci \u00e0 Alliance Maladies rares qui a port\u00e9 la cr\u00e9ation de notre association en 2005,<br>et la porte encore par ses conseils, ses informations et ses diverses aides !<\/figcaption><\/figure>\n\n\n\n<p><\/p>\n\n\n\n<figure class=\"wp-block-image size-full\"><img loading=\"lazy\" decoding=\"async\" width=\"492\" height=\"130\" src=\"https:\/\/www.arthrogrypose.fr\/p\/wp-content\/uploads\/2022\/07\/logo_afm_telethon2022.webp\" alt=\"Logo AFM T\u00e9l\u00e9thon\" class=\"wp-image-2085\" srcset=\"https:\/\/www.arthrogrypose.fr\/p\/wp-content\/uploads\/2022\/07\/logo_afm_telethon2022.webp 492w, https:\/\/www.arthrogrypose.fr\/p\/wp-content\/uploads\/2022\/07\/logo_afm_telethon2022-480x127.webp 480w\" sizes=\"(min-width: 0px) and (max-width: 480px) 480px, (min-width: 481px) 492px, 100vw\" \/><figcaption class=\"wp-element-caption\">Merci \u00e0 l&rsquo;AFM, qui finance les maladies rares.<\/figcaption><\/figure>\n\n\n\n<p><\/p>\n\n\n\n<figure class=\"wp-block-image size-full\"><img loading=\"lazy\" decoding=\"async\" width=\"376\" height=\"171\" src=\"https:\/\/www.arthrogrypose.fr\/p\/wp-content\/uploads\/2022\/07\/logo-eurordis.png\" alt=\"\" class=\"wp-image-2087\" srcset=\"https:\/\/www.arthrogrypose.fr\/p\/wp-content\/uploads\/2022\/07\/logo-eurordis.png 376w, https:\/\/www.arthrogrypose.fr\/p\/wp-content\/uploads\/2022\/07\/logo-eurordis-300x136.png 300w\" sizes=\"(max-width: 376px) 100vw, 376px\" \/><figcaption class=\"wp-element-caption\">Merci \u00e0 Eurordis , qui f\u00e9d\u00e8re les maladies rares au niveau europ\u00e9en.<\/figcaption><\/figure>\n\n\n\n<p><\/p>\n\n\n\n<figure class=\"wp-block-image size-medium is-resized\"><img decoding=\"async\" src=\"https:\/\/www.arthrogrypose.fr\/p\/wp-content\/uploads\/2022\/07\/logo-orphanet-300x58.png\" alt=\"\" class=\"wp-image-2090\" width=\"400\"\/><figcaption class=\"wp-element-caption\">Merci \u00e0 www.orpha.net pour son information m\u00e9dicale, chez qui nous sommes r\u00e9f\u00e9renc\u00e9s.<\/figcaption><\/figure>\n\n\n\n<p><\/p>\n\n\n\n<h2 class=\"wp-block-heading has-text-align-center\">Sponsors<\/h2>\n\n\n\n<p><\/p>\n\n\n\n<figure class=\"wp-block-image size-full\"><img loading=\"lazy\" decoding=\"async\" width=\"339\" height=\"124\" src=\"https:\/\/www.arthrogrypose.fr\/p\/wp-content\/uploads\/2022\/07\/logo-groupama-fondation-sante.png\" alt=\"\" class=\"wp-image-2091\" srcset=\"https:\/\/www.arthrogrypose.fr\/p\/wp-content\/uploads\/2022\/07\/logo-groupama-fondation-sante.png 339w, https:\/\/www.arthrogrypose.fr\/p\/wp-content\/uploads\/2022\/07\/logo-groupama-fondation-sante-300x110.png 300w\" sizes=\"(max-width: 339px) 100vw, 339px\" \/><figcaption class=\"wp-element-caption\">Merci \u00e0 la fondation groupama pour ses aides financi\u00e8res et ses formations.<\/figcaption><\/figure>\n\n\n\n<p><\/p>\n\n\n\n<figure class=\"wp-block-image size-full\"><a href=\"https:\/\/www.fondationorange.com\/\" target=\"_blank\" rel=\"noopener\"><img loading=\"lazy\" decoding=\"async\" width=\"436\" height=\"144\" src=\"https:\/\/www.arthrogrypose.fr\/p\/wp-content\/uploads\/2021\/12\/image.png\" alt=\"\" class=\"wp-image-736\" srcset=\"https:\/\/www.arthrogrypose.fr\/p\/wp-content\/uploads\/2021\/12\/image.png 436w, https:\/\/www.arthrogrypose.fr\/p\/wp-content\/uploads\/2021\/12\/image-300x99.png 300w\" sizes=\"(max-width: 436px) 100vw, 436px\" \/><\/a><figcaption class=\"wp-element-caption\">Merci \u00e0 la Fondation Orange, et l&rsquo;association Orange Solidarit\u00e9 <br>qui  ont r\u00e9alis\u00e9 la nouvelle version de notre site web en 2022.<\/figcaption><\/figure>\n\n\n\n<p><\/p>\n\n\n\n<figure class=\"wp-block-image size-full\"><img loading=\"lazy\" decoding=\"async\" width=\"256\" height=\"146\" src=\"https:\/\/www.arthrogrypose.fr\/p\/wp-content\/uploads\/2022\/04\/logo-hr-path-com.jpg\" alt=\"Logo entreprise hr-path\" class=\"wp-image-1839\"\/><figcaption class=\"wp-element-caption\">Merci \u00e0 HR Path pour son m\u00e9c\u00e9nat d&rsquo;entreprise<br>qui a attribu\u00e9 7000\u20ac en 2021 \u00e0 AAA<\/figcaption><\/figure>\n\n\n\n<p><\/p>\n\n\n\n<h2 class=\"wp-block-heading has-text-align-center\">Logiciel Libre et services \u00e9thiques<\/h2>\n\n\n\n<figure class=\"wp-block-image size-medium\"><a href=\"https:\/\/framasoft.org\/fr\/\" target=\"_blank\" rel=\"noopener\"><img loading=\"lazy\" decoding=\"async\" width=\"300\" height=\"151\" src=\"https:\/\/www.arthrogrypose.fr\/p\/wp-content\/uploads\/2021\/12\/image-1-300x151.png\" alt=\"\" class=\"wp-image-742\"\/><\/a><figcaption class=\"wp-element-caption\">Merci \u00e0 framasoft qui conseille et fournit des services \u00e9thiques,<br>respectueux de la vie priv\u00e9e<\/figcaption><\/figure>\n\n\n\n<figure class=\"wp-block-image size-medium\"><a href=\"https:\/\/wordpress.org\/\" target=\"_blank\" rel=\"noopener\"><img loading=\"lazy\" decoding=\"async\" width=\"300\" height=\"64\" src=\"https:\/\/www.arthrogrypose.fr\/p\/wp-content\/uploads\/2021\/12\/image-2-300x64.png\" alt=\"\" class=\"wp-image-744\"\/><\/a><figcaption class=\"wp-element-caption\">Merci \u00e0 WordPress qui fournit un logiciel ouvert et gratuit.<\/figcaption><\/figure>\n\n\n\n<p><\/p>\n\n\n\n<p><\/p>\n\n\n\n<p><\/p>\n","protected":false},"excerpt":{"rendered":"<p>Retrouvez ici tous nos remerciements \u00e0 ceux qui nous ont aid\u00e9s\u00e0 monter notre association et notre site Internetet qui nous aident encore autour des maladies rares Sponsors Logiciel Libre et services \u00e9thiques<\/p>\n","protected":false},"author":4,"featured_media":0,"parent":0,"menu_order":0,"comment_status":"closed","ping_status":"closed","template":"","meta":{"_et_pb_use_builder":"off","_et_pb_old_content":"","_et_gb_content_width":"","inline_featured_image":false,"footnotes":""},"class_list":["post-415","page","type-page","status-publish","hentry"],"_links":{"self":[{"href":"https:\/\/www.arthrogrypose.fr\/p\/wp-json\/wp\/v2\/pages\/415","targetHints":{"allow":["GET"]}}],"collection":[{"href":"https:\/\/www.arthrogrypose.fr\/p\/wp-json\/wp\/v2\/pages"}],"about":[{"href":"https:\/\/www.arthrogrypose.fr\/p\/wp-json\/wp\/v2\/types\/page"}],"author":[{"embeddable":true,"href":"https:\/\/www.arthrogrypose.fr\/p\/wp-json\/wp\/v2\/users\/4"}],"replies":[{"embeddable":true,"href":"https:\/\/www.arthrogrypose.fr\/p\/wp-json\/wp\/v2\/comments?post=415"}],"version-history":[{"count":1,"href":"https:\/\/www.arthrogrypose.fr\/p\/wp-json\/wp\/v2\/pages\/415\/revisions"}],"predecessor-version":[{"id":2368,"href":"https:\/\/www.arthrogrypose.fr\/p\/wp-json\/wp\/v2\/pages\/415\/revisions\/2368"}],"wp:attachment":[{"href":"https:\/\/www.arthrogrypose.fr\/p\/wp-json\/wp\/v2\/media?parent=415"}],"curies":[{"name":"wp","href":"https:\/\/api.w.org\/{rel}","templated":true}]}}