{"id":297,"date":"2021-11-03T14:45:30","date_gmt":"2021-11-03T13:45:30","guid":{"rendered":"https:\/\/www.arthrogrypose.fr\/p\/?page_id=297"},"modified":"2022-06-23T11:27:22","modified_gmt":"2022-06-23T09:27:22","slug":"kines","status":"publish","type":"page","link":"https:\/\/www.arthrogrypose.fr\/p\/kines\/","title":{"rendered":"Kin\u00e9s"},"content":{"rendered":"\n<figure class=\"wp-block-image size-large\"><img loading=\"lazy\" decoding=\"async\" width=\"1024\" height=\"576\" src=\"https:\/\/www.arthrogrypose.fr\/p\/wp-content\/uploads\/2022\/02\/VA-Kine-1024x576.jpg\" alt=\"\" class=\"wp-image-1552\" srcset=\"https:\/\/www.arthrogrypose.fr\/p\/wp-content\/uploads\/2022\/02\/VA-Kine-980x551.jpg 980w, https:\/\/www.arthrogrypose.fr\/p\/wp-content\/uploads\/2022\/02\/VA-Kine-480x270.jpg 480w\" sizes=\"(min-width: 0px) and (max-width: 480px) 480px, (min-width: 481px) and (max-width: 980px) 980px, (min-width: 981px) 1024px, 100vw\" \/><\/figure>\n\n\n\n<h2 class=\"wp-block-heading\" id=\"ressources-issues-du-pnds\">Ressources issues du PNDS<\/h2>\n\n\n\n<p>Le PNDS contient les lignes directrices de la prise en charge au cours des \u00e2ges :<\/p>\n\n\n\n<p><a href=\"https:\/\/www.arthrogrypose.fr\/p\/pnds\/?pdfPage=36\" target=\"_blank\" rel=\"noreferrer noopener\">Chapitre 4.4 Prise en charge th\u00e9rapeutique (page 36)<\/a><\/p>\n\n\n\n<p><a href=\"https:\/\/www.arthrogrypose.fr\/p\/pnds\/?pdfPage=37\" target=\"_blank\" rel=\"noreferrer noopener\">a. Dans les premiers mois de la vie (page 37)<\/a><\/p>\n\n\n\n<p><a href=\"https:\/\/www.arthrogrypose.fr\/p\/pnds\/?pdfPage=39\" target=\"_blank\" rel=\"noreferrer noopener\">b. Pass\u00e9s les premiers mois de vie (page39)<\/a><\/p>\n\n\n\n<p><a href=\"https:\/\/www.arthrogrypose.fr\/p\/pnds\/?pdfPage=43\" target=\"_blank\" rel=\"noreferrer noopener\">4.4.2 La prise en charge de l\u2019enfant de 2\/3 ans \u00e0 la fin de la croissance osseuse (page 43)<\/a><\/p>\n\n\n\n<p><a href=\"https:\/\/www.arthrogrypose.fr\/p\/pnds\/?pdfPage=47\" target=\"_blank\" rel=\"noreferrer noopener\">4.4.3 Apr\u00e8s la croissance \/ \u00e2ge adulte (page 47)<\/a><\/p>\n\n\n\n<p>La prise en charge est \u00e9galement synth\u00e9tis\u00e9e en tableaux dans des annexes par tranches d&rsquo;\u00e2ge. Chaque prise en charge contient un cadre d\u00e9di\u00e9 \u00e0 la r\u00e9\u00e9ducation.<\/p>\n\n\n\n<p><a href=\"https:\/\/www.arthrogrypose.fr\/p\/pnds\/?pdfPage=63\" target=\"_blank\" rel=\"noreferrer noopener\">Annexe 7. Prise en charge des enfants de 0 \u00e0 10 mois (page 63)<\/a><\/p>\n\n\n\n<p><a href=\"https:\/\/www.arthrogrypose.fr\/p\/pnds\/?pdfPage=68\" target=\"_blank\" rel=\"noreferrer noopener\">Annexe 8. Prise en charge des enfants de 10 mois \u00e0 3 ans (page 68)<\/a><\/p>\n\n\n\n<p><a href=\"https:\/\/www.arthrogrypose.fr\/p\/pnds\/?pdfPage=71\" target=\"_blank\" rel=\"noreferrer noopener\">Annexe 9. Prise en charge des enfants de 3 ans \u00e0 la fin de la croissance (page 71)<\/a><\/p>\n\n\n\n<p><a href=\"https:\/\/www.arthrogrypose.fr\/p\/pnds\/?pdfPage=72\" target=\"_blank\" rel=\"noreferrer noopener\">Annexe 10. Prise en charge des patients de la fin de la croissance au jeune adulte (page 72)<\/a><\/p>\n\n\n\n<p><a href=\"https:\/\/www.arthrogrypose.fr\/p\/pnds\/?pdfPage=73\" target=\"_blank\" rel=\"noreferrer noopener\">Annexe 11. Prise en charge du patient adulte (page 73)<\/a><\/p>\n\n\n\n<h2 class=\"wp-block-heading\" id=\"autres-ressources\">Autres Ressources <\/h2>\n\n\n\n<p>Par ailleurs, le kin\u00e9sith\u00e9rapeute  Jimmy Aziza \u00e0 Marseille a mis \u00e0 disposition sur le site de la Soci\u00e9t\u00e9 Fran\u00e7aise de R\u00e9\u00e9ducation de la Main ( <a href=\"https:\/\/www.sfrm-gemmsor.fr\/2013--33-69.html\">www.sfrm-gemmsor.fr<\/a> ) son m\u00e9moire r\u00e9alis\u00e9 pour l\u2019obtention du D.I.U de r\u00e9\u00e9ducation et appareillage apr\u00e8s chirurgie de la main- Universit\u00e9 Joseph Fourier-Grenoble- 2011\/2013 : <\/p>\n\n\n\n<p><a href=\"https:\/\/www.sfrm-gemmsor.fr\/file\/medtool\/webmedtool\/gemmtool01\/botm0033\/pdf00003.pdf\" target=\"_blank\" rel=\"noreferrer noopener\">R\u00e9\u00e9ducation de l&rsquo;arthrogrypose du membre sup\u00e9rieur. Revue de la litt\u00e9rature.<\/a><\/p>\n\n\n\n<p>(archive : <a href=\"https:\/\/www.arthrogrypose.fr\/p\/wp-content\/uploads\/2022\/02\/Memoire-Jimm-Aziza-Reeducation-Arthrogrypose-Main-2013.pdf\" target=\"_blank\" rel=\"noreferrer noopener\">R\u00e9\u00e9ducation de l&rsquo;arthrogrypose du membre sup\u00e9rieur. Revue de la litt\u00e9rature.<\/a>)<\/p>\n\n\n\n<h2 class=\"wp-block-heading\">Quelques kin\u00e9s indiqu\u00e9s par nos membres<\/h2>\n\n\n\n<p>Lorsque l&rsquo;on d\u00e9m\u00e9nage, on est content de trouver un kin\u00e9 qui \u00ab\u00a0conna\u00eet\u00a0\u00bb l&rsquo;arthrogrypose. En 2022, nous avons demand\u00e9 \u00e0 nos membres de nous signaler les kin\u00e9s ayant suivi au moins une personne arthrogrypose. Si vous en connaissez d&rsquo;autres, n&rsquo;h\u00e9sitez pas \u00e0 nous les signaler <a href=\"\/contacter\">www.arthrogrypose.fr\/contact<\/a><\/p>\n\n\n\n<p><\/p>\n\n\n\n<figure class=\"wp-block-table is-style-stripes\"><table><tbody><tr><td>NOM<\/td><td>Adresse<\/td><td>Ville<\/td><td>Code Postal<\/td><td>Commentaires<\/td><\/tr><tr><td>MAES Violaine<\/td><td>46 rue Mallifaud<\/td><td>Grenoble<\/td><td>38100<\/td><td>Membre de l&rsquo;association AKPI (association des kin\u00e9s p\u00e9diatrique de l&rsquo;Isere)<\/td><\/tr><tr><td>DUTOIT Fabienne<\/td><td>28 cours Jean Jaures<\/td><td>Grenoble<\/td><td>38000<\/td><td>Membre de l&rsquo;association AKPI (association des kin\u00e9s p\u00e9diatrique de l&rsquo;Isere)<\/td><\/tr><tr><td>Ascucioa sandrine<\/td><td><\/td><td><\/td><td><\/td><td><\/td><\/tr><tr><td>SARRAT Ma\u00eflys<\/td><td>3, Pl Louis Maisonnat<\/td><td>Fontaine<\/td><td>38600<\/td><td><\/td><\/tr><tr><td>SENECHAL Marielle<\/td><td>125, rue du Bouchat<\/td><td>La Murette<\/td><td>38140<\/td><td><\/td><\/tr><tr><td>DIVET Olivier<\/td><td>157 av G\u00e9n\u00e9ral Leclerc<\/td><td>RENNES<\/td><td>35700<\/td><td>Plusieurs patients atteints d&rsquo;arthrogrypose<\/td><\/tr><tr><td>RIVOALLAN Guirec<\/td><td>157 av G\u00e9n\u00e9ral Leclerc<\/td><td>RENNES<\/td><td>35700<\/td><td>Plusieurs patients atteints d&rsquo;arthrogrypose<\/td><\/tr><tr><td>LUTROT Thierry<\/td><td>4 rue Mar\u00e9chal Leclerc<\/td><td>SARZEAU<\/td><td>56370<\/td><td><\/td><\/tr><tr><td>BOLOGNESI S\u00e9bastien<\/td><td>1 rue Adrien R\u00e9gent<\/td><td>SARZEAU<\/td><td>56370<\/td><td><\/td><\/tr><tr><td>Vincent MEUNIER<\/td><td>12 boulevard d&rsquo;italie<\/td><td>VALLET<\/td><td>44330<\/td><td><\/td><\/tr><tr><td>Violaine ZUSSY CAZAUX<\/td><td>15 rue orf\u00e8vres<\/td><td>St die des vosges<\/td><td>88100<\/td><td><\/td><\/tr><tr><td>Pierre-Yves GUYOT<\/td><td>1 bis rue de la piscine<\/td><td>VALDAHON<\/td><td>25800<\/td><td><\/td><\/tr><tr><td>institut ST Pierre<\/td><td>371 av evech\u00e9 de maguelone<\/td><td>palavas les flots<\/td><td>34250<\/td><td><\/td><\/tr><tr><td>Estelle Cernaix<\/td><td>25 rue salins<\/td><td>pontarlier<\/td><td>25300<\/td><td><\/td><\/tr><\/tbody><\/table><figcaption>Kin\u00e9s ayant d\u00e9j\u00e0 soign\u00e9 des arthrogryposes<\/figcaption><\/figure>\n","protected":false},"excerpt":{"rendered":"<p>Ressources issues du PNDS Le PNDS contient les lignes directrices de la prise en charge au cours des \u00e2ges : Chapitre 4.4 Prise en charge th\u00e9rapeutique (page 36) a. Dans les premiers mois de la vie (page 37) b. Pass\u00e9s les premiers mois de vie (page39) 4.4.2 La prise en charge de l\u2019enfant de 2\/3 [&hellip;]<\/p>\n","protected":false},"author":4,"featured_media":0,"parent":0,"menu_order":0,"comment_status":"closed","ping_status":"closed","template":"","meta":{"_et_pb_use_builder":"off","_et_pb_old_content":"","_et_gb_content_width":"","inline_featured_image":false,"footnotes":""},"class_list":["post-297","page","type-page","status-publish","hentry"],"_links":{"self":[{"href":"https:\/\/www.arthrogrypose.fr\/p\/wp-json\/wp\/v2\/pages\/297","targetHints":{"allow":["GET"]}}],"collection":[{"href":"https:\/\/www.arthrogrypose.fr\/p\/wp-json\/wp\/v2\/pages"}],"about":[{"href":"https:\/\/www.arthrogrypose.fr\/p\/wp-json\/wp\/v2\/types\/page"}],"author":[{"embeddable":true,"href":"https:\/\/www.arthrogrypose.fr\/p\/wp-json\/wp\/v2\/users\/4"}],"replies":[{"embeddable":true,"href":"https:\/\/www.arthrogrypose.fr\/p\/wp-json\/wp\/v2\/comments?post=297"}],"version-history":[{"count":0,"href":"https:\/\/www.arthrogrypose.fr\/p\/wp-json\/wp\/v2\/pages\/297\/revisions"}],"wp:attachment":[{"href":"https:\/\/www.arthrogrypose.fr\/p\/wp-json\/wp\/v2\/media?parent=297"}],"curies":[{"name":"wp","href":"https:\/\/api.w.org\/{rel}","templated":true}]}}

Kinés

<figure class="wp-block-image size-large"><img loading="lazy" decoding="async" width="1024" height="576" src="https://www.arthrogrypose.fr/p/wp-content/uploads/2022/02/VA-Kine-1024x576.jpg" alt="" class="wp-image-1552" srcset="https://www.arthrogrypose.fr/p/wp-content/uploads/2022/02/VA-Kine-980x551.jpg 980w, https://www.arthrogrypose.fr/p/wp-content/uploads/2022/02/VA-Kine-480x270.jpg 480w" sizes="(min-width: 0px) and (max-width: 480px) 480px, (min-width: 481px) and (max-width: 980px) 980px, (min-width: 981px) 1024px, 100vw" /></figure>



<h2 class="wp-block-heading" id="ressources-issues-du-pnds">Ressources issues du PNDS</h2>



<p>Le PNDS contient les lignes directrices de la prise en charge au cours des âges :</p>



<p><a href="https://www.arthrogrypose.fr/p/pnds/?pdfPage=36" target="_blank" rel="noreferrer noopener">Chapitre 4.4 Prise en charge thérapeutique (page 36)</a></p>



<p><a href="https://www.arthrogrypose.fr/p/pnds/?pdfPage=37" target="_blank" rel="noreferrer noopener">a. Dans les premiers mois de la vie (page 37)</a></p>



<p><a href="https://www.arthrogrypose.fr/p/pnds/?pdfPage=39" target="_blank" rel="noreferrer noopener">b. Passés les premiers mois de vie (page39)</a></p>



<p><a href="https://www.arthrogrypose.fr/p/pnds/?pdfPage=43" target="_blank" rel="noreferrer noopener">4.4.2 La prise en charge de l’enfant de 2/3 ans à la fin de la croissance osseuse (page 43)</a></p>



<p><a href="https://www.arthrogrypose.fr/p/pnds/?pdfPage=47" target="_blank" rel="noreferrer noopener">4.4.3 Après la croissance / âge adulte (page 47)</a></p>



<p>La prise en charge est également synthétisée en tableaux dans des annexes par tranches d&rsquo;âge. Chaque prise en charge contient un cadre dédié à la rééducation.</p>



<p><a href="https://www.arthrogrypose.fr/p/pnds/?pdfPage=63" target="_blank" rel="noreferrer noopener">Annexe 7. Prise en charge des enfants de 0 à 10 mois (page 63)</a></p>



<p><a href="https://www.arthrogrypose.fr/p/pnds/?pdfPage=68" target="_blank" rel="noreferrer noopener">Annexe 8. Prise en charge des enfants de 10 mois à 3 ans (page 68)</a></p>



<p><a href="https://www.arthrogrypose.fr/p/pnds/?pdfPage=71" target="_blank" rel="noreferrer noopener">Annexe 9. Prise en charge des enfants de 3 ans à la fin de la croissance (page 71)</a></p>



<p><a href="https://www.arthrogrypose.fr/p/pnds/?pdfPage=72" target="_blank" rel="noreferrer noopener">Annexe 10. Prise en charge des patients de la fin de la croissance au jeune adulte (page 72)</a></p>



<p><a href="https://www.arthrogrypose.fr/p/pnds/?pdfPage=73" target="_blank" rel="noreferrer noopener">Annexe 11. Prise en charge du patient adulte (page 73)</a></p>



<h2 class="wp-block-heading" id="autres-ressources">Autres Ressources </h2>



<p>Par ailleurs, le kinésithérapeute  Jimmy Aziza à Marseille a mis à disposition sur le site de la Société Française de Rééducation de la Main ( <a href="https://www.sfrm-gemmsor.fr/2013--33-69.html">www.sfrm-gemmsor.fr</a> ) son mémoire réalisé pour l’obtention du D.I.U de rééducation et appareillage après chirurgie de la main- Université Joseph Fourier-Grenoble- 2011/2013 : </p>



<p><a href="https://www.sfrm-gemmsor.fr/file/medtool/webmedtool/gemmtool01/botm0033/pdf00003.pdf" target="_blank" rel="noreferrer noopener">Rééducation de l&rsquo;arthrogrypose du membre supérieur. Revue de la littérature.</a></p>



<p>(archive : <a href="https://www.arthrogrypose.fr/p/wp-content/uploads/2022/02/Memoire-Jimm-Aziza-Reeducation-Arthrogrypose-Main-2013.pdf" target="_blank" rel="noreferrer noopener">Rééducation de l&rsquo;arthrogrypose du membre supérieur. Revue de la littérature.</a>)</p>



<h2 class="wp-block-heading">Quelques kinés indiqués par nos membres</h2>



<p>Lorsque l&rsquo;on déménage, on est content de trouver un kiné qui « connaît » l&rsquo;arthrogrypose. En 2022, nous avons demandé à nos membres de nous signaler les kinés ayant suivi au moins une personne arthrogrypose. Si vous en connaissez d&rsquo;autres, n&rsquo;hésitez pas à nous les signaler <a href="/contacter">www.arthrogrypose.fr/contact</a></p>



<p></p>



<figure class="wp-block-table is-style-stripes"><table><tbody><tr><td>NOM</td><td>Adresse</td><td>Ville</td><td>Code Postal</td><td>Commentaires</td></tr><tr><td>MAES Violaine</td><td>46 rue Mallifaud</td><td>Grenoble</td><td>38100</td><td>Membre de l&rsquo;association AKPI (association des kinés pédiatrique de l&rsquo;Isere)</td></tr><tr><td>DUTOIT Fabienne</td><td>28 cours Jean Jaures</td><td>Grenoble</td><td>38000</td><td>Membre de l&rsquo;association AKPI (association des kinés pédiatrique de l&rsquo;Isere)</td></tr><tr><td>Ascucioa sandrine</td><td></td><td></td><td></td><td></td></tr><tr><td>SARRAT Maïlys</td><td>3, Pl Louis Maisonnat</td><td>Fontaine</td><td>38600</td><td></td></tr><tr><td>SENECHAL Marielle</td><td>125, rue du Bouchat</td><td>La Murette</td><td>38140</td><td></td></tr><tr><td>DIVET Olivier</td><td>157 av Général Leclerc</td><td>RENNES</td><td>35700</td><td>Plusieurs patients atteints d&rsquo;arthrogrypose</td></tr><tr><td>RIVOALLAN Guirec</td><td>157 av Général Leclerc</td><td>RENNES</td><td>35700</td><td>Plusieurs patients atteints d&rsquo;arthrogrypose</td></tr><tr><td>LUTROT Thierry</td><td>4 rue Maréchal Leclerc</td><td>SARZEAU</td><td>56370</td><td></td></tr><tr><td>BOLOGNESI Sébastien</td><td>1 rue Adrien Régent</td><td>SARZEAU</td><td>56370</td><td></td></tr><tr><td>Vincent MEUNIER</td><td>12 boulevard d&rsquo;italie</td><td>VALLET</td><td>44330</td><td></td></tr><tr><td>Violaine ZUSSY CAZAUX</td><td>15 rue orfèvres</td><td>St die des vosges</td><td>88100</td><td></td></tr><tr><td>Pierre-Yves GUYOT</td><td>1 bis rue de la piscine</td><td>VALDAHON</td><td>25800</td><td></td></tr><tr><td>institut ST Pierre</td><td>371 av eveché de maguelone</td><td>palavas les flots</td><td>34250</td><td></td></tr><tr><td>Estelle Cernaix</td><td>25 rue salins</td><td>pontarlier</td><td>25300</td><td></td></tr></tbody></table><figcaption>Kinés ayant déjà soigné des arthrogryposes</figcaption></figure>

<p>Ressources issues du PNDS Le PNDS contient les lignes directrices de la prise en charge au cours des âges : Chapitre 4.4 Prise en charge thérapeutique (page 36) a. Dans les premiers mois de la vie (page 37) b. Passés les premiers mois de vie (page39) 4.4.2 La prise en charge de l’enfant de 2/3 [&hellip;]</p>
