{"id":289,"date":"2021-11-03T14:42:09","date_gmt":"2021-11-03T13:42:09","guid":{"rendered":"https:\/\/www.arthrogrypose.fr\/p\/?page_id=289"},"modified":"2024-11-04T18:42:58","modified_gmt":"2024-11-04T17:42:58","slug":"statuts-et-reglement-interieur","status":"publish","type":"page","link":"https:\/\/www.arthrogrypose.fr\/p\/statuts-et-reglement-interieur\/","title":{"rendered":"Statuts et r\u00e8glement int\u00e9rieur"},"content":{"rendered":"\n<figure class=\"wp-block-image size-full\"><img loading=\"lazy\" decoding=\"async\" width=\"812\" height=\"545\" src=\"https:\/\/www.arthrogrypose.fr\/p\/wp-content\/uploads\/2021\/12\/Assemblee-Fondatrice-2005.jpg\" alt=\"Assembl\u00e9e Fondatrice 2005\" class=\"wp-image-725\" srcset=\"https:\/\/www.arthrogrypose.fr\/p\/wp-content\/uploads\/2021\/12\/Assemblee-Fondatrice-2005.jpg 812w, https:\/\/www.arthrogrypose.fr\/p\/wp-content\/uploads\/2021\/12\/Assemblee-Fondatrice-2005-480x322.jpg 480w\" sizes=\"(min-width: 0px) and (max-width: 480px) 480px, (min-width: 481px) 812px, 100vw\" \/><figcaption class=\"wp-element-caption\">Assembl\u00e9e constitutive de notre association : 30 octobre 2005, \u00e0 Marsannay la C\u00f4te (C\u00f4te d&rsquo;Or).<\/figcaption><\/figure>\n\n\n\n<p><\/p>\n\n\n\n<h2 class=\"wp-block-heading has-text-align-center\">Titre &#8211; But &#8211; Si\u00e8ge<br><\/h2>\n\n\n\n<p><strong>Article 1<\/strong> Il est fond\u00e9, entre les adh\u00e9rents aux pr\u00e9sents statuts, une association r\u00e9gie par la loi du 1er juillet 1901 et ses textes d&rsquo;application, ayant pour titre :<br><\/p>\n\n\n\n<h3 class=\"wp-block-heading has-text-align-center\">Association <em>Alliance Arthrogrypose<\/em><br><\/h3>\n\n\n\n<p><strong>Article 2<\/strong> Cette association a pour but :<\/p>\n\n\n\n<ul class=\"wp-block-list\">\n<li>De permettre aux personnes atteintes d&rsquo;arthrogrypose et leur entourage d&rsquo;\u00e9changer leurs exp\u00e9riences<\/li>\n\n\n\n<li>D&rsquo;apporter une aide technique et morale aux familles confront\u00e9es \u00e0 l&rsquo;arthrogrypose<\/li>\n\n\n\n<li>De contribuer \u00e0 l&rsquo;effort de recherche m\u00e9dicale et \u00e0 l&rsquo;am\u00e9lioration des pratiques de soins relatifs \u00e0 l&rsquo;arthrogrypose<\/li>\n\n\n\n<li>De favoriser la collecte d&rsquo;informations et leur diffusion aupr\u00e8s des personnes concern\u00e9es et aupr\u00e8s du corps m\u00e9dical<\/li>\n\n\n\n<li>De favoriser et d&rsquo;entretenir les liens avec les associations relatives \u00e0 l'\u00a0\u00bb arthrogrypose \u00a0\u00bb \u00e0 l&rsquo;\u00e9tranger<\/li>\n<\/ul>\n\n\n\n<p><strong>Article 3<\/strong> L&rsquo;Association est constitu\u00e9e pour une dur\u00e9e illimit\u00e9e.<\/p>\n\n\n\n<p><strong>Article 4<\/strong> Le si\u00e8ge social est fix\u00e9 :<\/p>\n\n\n\n<ul class=\"wp-block-list\">\n<li>depuis le 30 octobre 2005 : 4 rue Leval &#8211; 02170 LESCHELLE<\/li>\n\n\n\n<li>\u00e0 partir du 25 octobre 2009 : 50 rue Bossuet &#8211; 25300 PONTARLIER<\/li>\n\n\n\n<li>\u00e0 partir du 13 d\u00e9cembre 2010 : La Bosserie Sainte Anne \u2013 35133 ROMAGNE<\/li>\n<\/ul>\n\n\n\n<p>Il pourra \u00eatre transf\u00e9r\u00e9 en tout autre endroit par simple d\u00e9cision du Conseil d&rsquo;administration<br><br><strong>Article 5<\/strong> Un r\u00e8glement int\u00e9rieur pourra \u00eatre \u00e9tabli par le Conseil d&rsquo;administration afin de compl\u00e9ter les pr\u00e9sents statuts. Il s&rsquo;appliquera \u00e0 tous les membres de l&rsquo;Association.<br><br><strong>Article 6<\/strong> Pour favoriser son extension, l&rsquo;Association pourra cr\u00e9er des sections par r\u00e9gions, d\u00e9partements ou communes.<br><br>&nbsp;<\/p>\n\n\n\n<h2 class=\"wp-block-heading has-text-align-center\"><strong>Composition &#8211; Admission &#8211; Radiation &#8211; Cotisation<\/strong><\/h2>\n\n\n\n<p><strong>Article 8 <\/strong>L&rsquo;Association est compos\u00e9e de <strong>membres<\/strong> sans qu&rsquo;il soit fait distinction de cat\u00e9gories.<br>\u00catre membre implique de souscrire aux pr\u00e9sents statuts et de s&rsquo;acquitter de la cotisation annuelle, dont le montant est fix\u00e9 par le Conseil d\u2019Administration.<br>Le Conseil d&rsquo;administration statue librement sur les demandes d&rsquo;adh\u00e9sion. Le refus d&rsquo;admission n&rsquo;a pas \u00e0 \u00eatre motiv\u00e9.<br>La qualit\u00e9 de membre se perd par : la d\u00e9mission, le d\u00e9c\u00e8s, la radiation prononc\u00e9e par le Conseil d&rsquo;administration pour non-paiement de la cotisation ou motif grave, l&rsquo;int\u00e9ress\u00e9 ayant \u00e9t\u00e9 pr\u00e9alablement invit\u00e9 \u00e0 fournir des explications.<br><\/p>\n\n\n\n<h2 class=\"wp-block-heading has-text-align-center\"><strong>Ressources &#8211; Moyens d&rsquo;action<\/strong><\/h2>\n\n\n\n<p><strong>Article 9<\/strong> Les ressources de l&rsquo;Association proviennent :<\/p>\n\n\n\n<ul class=\"wp-block-list\">\n<li>du montant des cotisations<\/li>\n\n\n\n<li>des dons et legs<\/li>\n\n\n\n<li>des subventions de l&rsquo;\u00c9tat, des r\u00e9gions, des d\u00e9partements, des communes, des groupements ou institutions divers<\/li>\n\n\n\n<li>des produits de manifestations<\/li>\n\n\n\n<li>d&rsquo;une mani\u00e8re g\u00e9n\u00e9rale, de toutes ressources acquises en conformit\u00e9 avec la l\u00e9gislation en vigueur.<\/li>\n<\/ul>\n\n\n\n<p><strong>Article 10<\/strong> L&rsquo;Association peut mettre en \u0153uvre tous les moyens l\u00e9gaux qui lui permettent de r\u00e9aliser son but.<\/p>\n\n\n\n<h2 class=\"wp-block-heading has-text-align-center\"><strong>Administration et fonctionnement<\/strong><\/h2>\n\n\n\n<p><strong>Article 11<\/strong> L&rsquo;association est dirig\u00e9e par un <strong>conseil d&rsquo;administration<\/strong> compos\u00e9 au maximum de 20 membres, \u00e9lus par l&rsquo;assembl\u00e9e g\u00e9n\u00e9rale. La dur\u00e9e des mandats est fix\u00e9e \u00e0 3 ans. Les mandats sont reconductibles dans les m\u00eames conditions \u00e9lectives.<\/p>\n\n\n\n<p>En cas de vacance, le Conseil d&rsquo;administration peut pourvoir provisoirement au remplacement de ses membres, jusqu&rsquo;\u00e0 la plus prochaine assembl\u00e9e g\u00e9n\u00e9rale. Le mandat des membres du Conseil d&rsquo;administration ainsi \u00e9lus prend fin \u00e0 l&rsquo;\u00e9poque o\u00f9 devrait normalement expirer celui des membres remplac\u00e9s.<\/p>\n\n\n\n<p><strong>Article 12<\/strong> Le Conseil d&rsquo;administration \u00e9lit chaque ann\u00e9e en son sein un bureau compos\u00e9 de :<\/p>\n\n\n\n<ul class=\"wp-block-list\">\n<li>un <strong>pr\u00e9sident<\/strong>, charg\u00e9 notamment de repr\u00e9senter l&rsquo;Association dans tous les actes de la vie civile<\/li>\n\n\n\n<li>un <strong>vice-pr\u00e9sident<\/strong>, charg\u00e9 notamment d&rsquo;assister le pr\u00e9sident dans sa t\u00e2che et de le suppl\u00e9er en cas d&rsquo;absence<\/li>\n\n\n\n<li>un <strong>tr\u00e9sorier<\/strong>, charg\u00e9 notamment d&rsquo;\u00e9tablir, ou de faire \u00e9tablir sous sa responsabilit\u00e9, les comptes de l&rsquo;Association<\/li>\n\n\n\n<li>un <strong>secr\u00e9taire<\/strong>, charg\u00e9 notamment des diff\u00e9rentes convocations et de la tenue des documents administratifs.<\/li>\n<\/ul>\n\n\n\n<p><strong>Article 13<\/strong> Le <strong>Conseil d&rsquo;administration<\/strong> est dot\u00e9 des pouvoirs les plus \u00e9tendus. Il est notamment habilit\u00e9 \u00e0 agir en justice au nom de l&rsquo;Association. D&rsquo;une mani\u00e8re g\u00e9n\u00e9rale, le conseil d&rsquo;administration est investi de tout pouvoir n&rsquo;\u00e9tant pas exclusivement r\u00e9serv\u00e9 \u00e0 l&rsquo;Assembl\u00e9e g\u00e9n\u00e9rale.<\/p>\n\n\n\n<p><strong>Article 14<\/strong> Le <strong>conseil d&rsquo;administration<\/strong> se r\u00e9unit au moins une fois par an, \u00e0 l&rsquo;initiative du pr\u00e9sident ou \u00e0 la demande d&rsquo;au moins un quart de ses membres.<br>Les d\u00e9cisions sont prises \u00e0 la majorit\u00e9 simple des voix des membres du conseil pr\u00e9sents ou repr\u00e9sent\u00e9s. En cas de partage des voix, celle du pr\u00e9sident est pr\u00e9pond\u00e9rante.<br>Le vote par procuration est autoris\u00e9. Chaque mandataire ne peut d\u00e9tenir plus de 3 pouvoirs.<br>Pour d\u00e9lib\u00e9rer valablement, la pr\u00e9sence d&rsquo;au moins 5 membres est n\u00e9cessaire. Il est tenu proc\u00e8s-verbal des s\u00e9ances. Ceux-ci sont sign\u00e9s par le pr\u00e9sident et le secr\u00e9taire, ou tout autre membre en cas d&#8217;emp\u00eachement.<br>Tout membre qui, sans excuse valable, n&rsquo;aura pas assist\u00e9 \u00e0 trois r\u00e9unions cons\u00e9cutives pourra \u00eatre radi\u00e9 du Conseil par simple d\u00e9cision de celui-ci.<\/p>\n\n\n\n<p><strong>Article 15<\/strong> Les fonctions des membres du conseil d&rsquo;administration sont gratuites.<br>Seuls sont possibles les remboursements de frais, d\u00fbment justifi\u00e9s, engag\u00e9s dans le cadre de l&rsquo;objet de l&rsquo;Association, sous r\u00e9serve des disponibilit\u00e9s de fonds de l&rsquo;association.<br>Ils sont autoris\u00e9s par d\u00e9cision expresse du Conseil d&rsquo;administration qui statue hors de la pr\u00e9sence des int\u00e9ress\u00e9s.<\/p>\n\n\n\n<p><strong>Article 16<\/strong> <strong>L&rsquo;Assembl\u00e9e g\u00e9n\u00e9rale<\/strong> comprend tous les membres \u00e0 jour de leur cotisation. L&rsquo;Assembl\u00e9e g\u00e9n\u00e9rale ordinaire se r\u00e9unit une fois par an.<br>Les membres de l&rsquo;Association sont convoqu\u00e9s \u00e0 l&rsquo;initiative du pr\u00e9sident, au moins quinze jours avant la date fix\u00e9e.<br>L&rsquo;ordre du jour, pr\u00e9alablement r\u00e9gl\u00e9 par le Conseil d&rsquo;administration, est indiqu\u00e9 sur la convocation.<br>Le vote par procuration est autoris\u00e9. Tout membre a la possibilit\u00e9 de constituer le mandataire de son choix parmi les autres membres de l&rsquo;association, \u00e0 la condition d&rsquo;\u00e9mettre \u00e0 cet effet un pouvoir d\u00fbment \u00e9crit, dat\u00e9 et sign\u00e9. Chaque membre ne peut d\u00e9tenir plus de 5 pouvoirs.<br>Chaque membre dispose d&rsquo;une voix et des voix des membres qu&rsquo;il repr\u00e9sente.<br>Les d\u00e9lib\u00e9rations sont prises \u00e0 la majorit\u00e9 simple.<br>L&rsquo;Assembl\u00e9e g\u00e9n\u00e9rale d\u00e9lib\u00e8re valablement quel que soit le nombre de membres pr\u00e9sents ou repr\u00e9sent\u00e9s.<\/p>\n\n\n\n<p><strong>Article 17<\/strong> En cas de besoin, le pr\u00e9sident peut convoquer une assembl\u00e9e g\u00e9n\u00e9rale extraordinaire, notamment en cas de modification des statuts. Elle peut \u00e9galement se r\u00e9unir \u00e0 la demande du quart des membres de l&rsquo;Association.<br>L&rsquo;Assembl\u00e9e g\u00e9n\u00e9rale extraordinaire se r\u00e9unit selon les modalit\u00e9s fix\u00e9es par l&rsquo;article 16.<\/p>\n\n\n\n<p><strong>Article 18<\/strong> La dissolution de l&rsquo;Association peut \u00eatre prononc\u00e9e \u00e0 la majorit\u00e9 simple des membres pr\u00e9sents ou repr\u00e9sent\u00e9s, convoqu\u00e9s en assembl\u00e9e g\u00e9n\u00e9rale extraordinaire sp\u00e9cifiquement d\u00e9di\u00e9e \u00e0 cet objet. Les modalit\u00e9s fix\u00e9es par l&rsquo;article 16 s&rsquo;appliquent.<br>Un ou plusieurs liquidateurs sont nomm\u00e9s par l&rsquo;Assembl\u00e9e et l&rsquo;actif, s&rsquo;il y a lieu, est d\u00e9volu conform\u00e9ment \u00e0 la loi du 1er juillet 1901 et au d\u00e9cret du 16 ao\u00fbt 1901.<\/p>\n\n\n\n<p>Les pr\u00e9sents statuts ont \u00e9t\u00e9 adopt\u00e9s par l&rsquo;assembl\u00e9e constitutive du 30 octobre 2005, \u00e0 Marsannay la C\u00f4te (C\u00f4te d&rsquo;Or).<br>L&rsquo;article 4 ( changement d&rsquo;adresse du si\u00e8ge social ) a \u00e9t\u00e9 modifi\u00e9 le 25 octobre 2009 et le 13 d\u00e9cembre 2010.<br>Les articles 8 et 11 ont \u00e9t\u00e9 modifi\u00e9s par l\u2019Assembl\u00e9e Extraordinaire du 5 Novembre 2017.<\/p>\n\n\n\n<p><\/p>\n\n\n\n<p><\/p>\n\n\n\n<h2 class=\"wp-block-heading has-text-align-center\"><strong>R\u00e8glement int\u00e9rieur<\/strong><\/h2>\n\n\n\n<p class=\"has-text-align-center\">Pour clarifier les modes de fonctionnement, le conseil d&rsquo;administration a mis en place un <a href=\"\/p\/wp-content\/uploads\/2024\/11\/Reglement-Interieur-v2.0b.pdf\">r\u00e8glement int\u00e9rieur<\/a><\/p>\n","protected":false},"excerpt":{"rendered":"<p>Titre &#8211; But &#8211; Si\u00e8ge Article 1 Il est fond\u00e9, entre les adh\u00e9rents aux pr\u00e9sents statuts, une association r\u00e9gie par la loi du 1er juillet 1901 et ses textes d&rsquo;application, ayant pour titre : Association Alliance Arthrogrypose Article 2 Cette association a pour but : Article 3 L&rsquo;Association est constitu\u00e9e pour une dur\u00e9e illimit\u00e9e. Article [&hellip;]<\/p>\n","protected":false},"author":4,"featured_media":0,"parent":0,"menu_order":0,"comment_status":"closed","ping_status":"closed","template":"","meta":{"_et_pb_use_builder":"off","_et_pb_old_content":"","_et_gb_content_width":"","inline_featured_image":false,"footnotes":""},"class_list":["post-289","page","type-page","status-publish","hentry"],"_links":{"self":[{"href":"https:\/\/www.arthrogrypose.fr\/p\/wp-json\/wp\/v2\/pages\/289","targetHints":{"allow":["GET"]}}],"collection":[{"href":"https:\/\/www.arthrogrypose.fr\/p\/wp-json\/wp\/v2\/pages"}],"about":[{"href":"https:\/\/www.arthrogrypose.fr\/p\/wp-json\/wp\/v2\/types\/page"}],"author":[{"embeddable":true,"href":"https:\/\/www.arthrogrypose.fr\/p\/wp-json\/wp\/v2\/users\/4"}],"replies":[{"embeddable":true,"href":"https:\/\/www.arthrogrypose.fr\/p\/wp-json\/wp\/v2\/comments?post=289"}],"version-history":[{"count":1,"href":"https:\/\/www.arthrogrypose.fr\/p\/wp-json\/wp\/v2\/pages\/289\/revisions"}],"predecessor-version":[{"id":2551,"href":"https:\/\/www.arthrogrypose.fr\/p\/wp-json\/wp\/v2\/pages\/289\/revisions\/2551"}],"wp:attachment":[{"href":"https:\/\/www.arthrogrypose.fr\/p\/wp-json\/wp\/v2\/media?parent=289"}],"curies":[{"name":"wp","href":"https:\/\/api.w.org\/{rel}","templated":true}]}}